ue
Is 4810307 a prime number?
True
Is 2810693 a prime number?
True
Is 12515861 a composite number?
True
Is 3201757 a prime number?
False
Is 11824727 composite?
False
Is 51253 a composite number?
True
Is 4727417 composite?
False
Is 27239003 a composite number?
True
Is 71449379 a composite number?
False
Is 494618117 prime?
False
Is 19028123 composite?
False
Is 132646061 prime?
True
Is 3353739 prime?
False
Is 1953997 prime?
False
Is 41805583 a composite number?
False
Is 1033727 prime?
False
Is 66897401 prime?
False
Is 720887 prime?
True
Is 624384265 a composite number?
True
Is 122496709 composite?
False
Is 4313417 a composite number?
False
Is 649969 a prime number?
True
Is 1226257 a prime number?
True
Is 39248513 a prime number?
False
Is 5202881 a prime number?
False
Is 340668609 prime?
False
Is 14191853 a composite number?
True
Is 3849379 prime?
True
Is 4744253 a prime number?
False
Is 4031047 a composite number?
False
Is 570543 prime?
False
Is 8316067 composite?
True
Is 23531033 composite?
True
Is 341663 prime?
False
Is 24508369 a prime number?
False
Is 7833493 composite?
False
Is 358945 a prime number?
False
Is 112259617 a composite number?
True
Is 96161203 prime?
True
Is 8885278 composite?
True
Is 227612449 prime?
True
Is 252869 composite?
False
Is 16207873 a composite number?
True
Is 438603265 prime?
False
Is 115644083 prime?
False
Is 535333 a composite number?
False
Is 184372379 prime?
True
Is 29310353 prime?
True
Is 815135537 prime?
False
Is 459089 composite?
False
Is 2978741 prime?
False
Is 10830481 a prime number?
False
Is 40327831 composite?
True
Is 5908537 prime?
False
Is 27467617 a prime number?
True
Is 240359609 prime?
False
Is 144928987 a composite number?
True
Is 79220089 a prime number?
False
Is 2439133 a composite number?
False
Is 6596497 a composite number?
True
Is 184597723 prime?
True
Is 6183907 prime?
False
Is 141545851 prime?
False
Is 128513607 a composite number?
True
Is 1284421 composite?
False
Is 44975347 prime?
True
Is 205776427 a composite number?
False
Is 780893285 composite?
True
Is 4014449 composite?
False
Is 8580719 a prime number?
False
Is 4103401 a prime number?
True
Is 34128065 composite?
True
Is 192658919 a prime number?
False
Is 385830119 composite?
False
Is 493517 composite?
True
Is 190300189 composite?
False
Is 1144973 a prime number?
True
Is 518970317 a composite number?
True
Is 2324779 prime?
True
Is 1747939 a prime number?
True
Is 16558037 a prime number?
False
Is 1447157 composite?
True
Is 18368731 a prime number?
False
Is 2248373 a composite number?
False
Is 284917151 prime?
False
Is 37210235 a composite number?
True
Is 14406107 prime?
True
Is 104205193 a composite number?
True
Is 330779831 a composite number?
False
Is 1440479 prime?
True
Is 1610347 prime?
True
Is 12516077 a composite number?
True
Is 3616017 composite?
True
Is 158909477 a prime number?
True
Is 146908141 a composite number?
False
Is 49181683 a prime number?
True
Is 8016637 a prime number?
True
Is 14852347 a composite number?
False
Is 38280703 a composite number?
False
Is 681041 a composite number?
False
Is 89444293 prime?
False
Is 12531842 composite?
True
Is 2881427 a prime number?
True
Is 4704431 composite?
True
Is 1853701 a composite number?
False
Is 76287223 prime?
False
Is 6768449 prime?
True
Is 10584817 a prime number?
False
Is 3273119 composite?
False
Is 563003 composite?
True
Is 3509153 prime?
True
Is 26083 a prime number?
True
Is 84803923 a prime number?
True
Is 5124251 composite?
True
Is 93878081 prime?
False
Is 6903737 a prime number?
True
Is 130373069 a composite number?
False
Is 235715107 a prime number?
False
Is 24402439 a composite number?
False
Is 1428061 prime?
False
Is 129693401 a prime number?
False
Is 6375397 composite?
True
Is 3230567 a composite number?
False
Is 9957271 a prime number?
True
Is 1922366 a composite number?
True
Is 1472305 a composite number?
True
Is 114723359 a prime number?
True
Is 4470281 a prime number?
True
Is 1301187 a prime number?
False
Is 775765 prime?
False
Is 6680281 a composite number?
True
Is 63733693 a composite number?
False
Is 54391 a composite number?
True
Is 421279 a prime number?
True
Is 329143637 composite?
False
Is 64078631 a prime number?
True
Is 189221359 prime?
True
Is 2195461 a prime number?
True
Is 16538045 a prime number?
False
Is 4173199 composite?
True
Is 21817997 prime?
False
Is 11156411 prime?
False
Is 2801867 a composite number?
True
Is 28590697 prime?
True
Is 26737129 a composite number?
True
Is 5277001 a prime number?
True
Is 7080433 composite?
False
Is 501967 composite?
False
Is 93949459 a composite number?
False
Is 1156319 prime?
False
Is 10208993 a composite number?
True
Is 15156671 a composite number?
False
Is 69334123 a composite number?
True
Is 145897 composite?
False
Is 74293877 a composite number?
True
Is 2500933 composite?
False
Is 1588949 prime?
True
Is 6561871 a prime number?
True
Is 1370647 composite?
True
Is 142201393 a prime number?
True
Is 26677123 a composite number?
True
Is 3137551 a composite number?
False
Is 3140003 composite?
True
Is 1838483 prime?
False
Is 20959763 prime?
False
Is 34665619 composite?
False
Is 802804253 prime?
True
Is 4509178 a prime number?
False
Is 11805071 a composite number?
True
Is 52937 a prime number?
True
Is 14608301 prime?
False
Is 7814933 a composite number?
True
Is 79087 a prime number?
True
Is 8496829 composite?
True
Is 32462627 composite?
False
Is 2205057 prime?
False
Is 577811942 a composite number?
True
Is 4612913 a prime number?
True
Is 26134001 a composite number?
True
Is 28393903 composite?
False
Is 5956601 composite?
True
Is 7119803 a prime number?
True
Is 82685285 a composite number?
True
Is 500755987 a prime number?
True
Is 1754063 composite?
False
Is 1844327 a composite number?
True
Is 184962199 composite?
False
Is 394253 a composite number?
True
Is 805369313 a composite number?
True
Is 1367163727 a composite number?
True
Is 18771419 a composite number?
False
Is 306251527 a prime number?
False
Is 630319 a composite number?
False
Is 257649157 composite?
False
Is 1943459 composite?
True
Is 39734165 a composite number?
True
Is 230437231 a prime number?
False
Is 9249661 a prime number?
True
Is 4164661 a prime number?
False
Is 38436653 a composite number?
True
Is 48599743 composite?
True
Is 9358009 composite?
False
Is 92453717 prime?
True
Is 70253257 prime?
True
Is 73999 prime?
True
Is 6450679 composite?
False
Is 2619389 prime?
True
Is 46648123 a composite number?
False
Is 896417 composite?
False
Is 301096529 prime?
False
Is 166989659 composite?
False
Is 43795007 a composite number?
True
Is 4506181 composite?
False
Is 5737169 composite?
False
Is 37562051 prime?
False
Is 5128619 composite?
True
Is 7959079 a composite number?
True
Is 135831229 composite?
True
Is 17707 a composite number?
False
Is 7237623 a prime number?
False
Is 18230957 a prime number?
True
Is 17821019 prime?
False
Is 14330609 a prime number?
False
Is 3261 composite?
True
Is 295582567 a composite number?
True
Is 5555843 a prime number?
True
Is 5768827 a composite number?
True
Is 219679563 composite?
True
Is 303992165 composite?
True
Is 9616339 composite?
True
Is 893303 a prime number?
False
Is 143670887 composite?
False
Is 130769 a prime number?
True
Is 11163847 composite?
False
Is 13152493 a composite number?
False
Is 25201949 a composite number?
False
Is 32711849 a prime number?
True
Is 184185949 prime?
True
Is 108836239 prime?
True
Is 7175317 a composite number?
False
Is 1450613 a composite number?
False
Is 12145043 composite?
False
Is 514067 a composite number?
True
Is 2560675555 prime?
False
Is 29075063 a prime number?
True
Is 11085349 composite?
True
Is 1699105 a prime number?
False
Is 1403977 composite?
True
Is 46874287 composite?
True
Is 127495477 prime?
False
Is 937747 composite?
False
Is 24995131 a composite number?
True
Is 668291 a composite number?
True
Is 10899877 composite?
True
Is 53177987 composite?
False
Is 2093489 composite?
False
Is 62838533 a composite number?
False
Is 1936609 composite?
False
Is 2631463 prime?
False
Is 2364743 a prime number?
True
Is 400903 a prime number?
True
Is 91760347 a composite number?
True
Is 37530877 a prime number?
False
Is 7096919 a composite number?
True
Is 9382501 a composite number?
False
Is 9207